{"id":80,"date":"2019-05-12T17:32:26","date_gmt":"2019-05-12T15:32:26","guid":{"rendered":"https:\/\/lefrancois.org\/?page_id=80"},"modified":"2019-05-12T17:36:50","modified_gmt":"2019-05-12T15:36:50","slug":"a-propos","status":"publish","type":"page","link":"https:\/\/lefrancois.org\/index.php\/a-propos\/","title":{"rendered":"\u00c0 propos"},"content":{"rendered":"\n<p>Ce site est destin\u00e9 \u00e0 favoriser les \u00e9changes afin de d\u00e9velopper la qualit\u00e9 et l\u2019efficacit\u00e9 de la permanence des soins dans le Val de Marne. <\/p>\n","protected":false},"excerpt":{"rendered":"<p>Ce site est destin\u00e9 \u00e0 favoriser les \u00e9changes afin de d\u00e9velopper la qualit\u00e9 et l\u2019efficacit\u00e9 de la permanence des soins dans le Val de Marne.<\/p>\n","protected":false},"author":1,"featured_media":0,"parent":0,"menu_order":0,"comment_status":"closed","ping_status":"closed","template":"","meta":{"footnotes":""},"class_list":["post-80","page","type-page","status-publish","hentry"],"_links":{"self":[{"href":"https:\/\/lefrancois.org\/index.php\/wp-json\/wp\/v2\/pages\/80","targetHints":{"allow":["GET"]}}],"collection":[{"href":"https:\/\/lefrancois.org\/index.php\/wp-json\/wp\/v2\/pages"}],"about":[{"href":"https:\/\/lefrancois.org\/index.php\/wp-json\/wp\/v2\/types\/page"}],"author":[{"embeddable":true,"href":"https:\/\/lefrancois.org\/index.php\/wp-json\/wp\/v2\/users\/1"}],"replies":[{"embeddable":true,"href":"https:\/\/lefrancois.org\/index.php\/wp-json\/wp\/v2\/comments?post=80"}],"version-history":[{"count":1,"href":"https:\/\/lefrancois.org\/index.php\/wp-json\/wp\/v2\/pages\/80\/revisions"}],"predecessor-version":[{"id":81,"href":"https:\/\/lefrancois.org\/index.php\/wp-json\/wp\/v2\/pages\/80\/revisions\/81"}],"wp:attachment":[{"href":"https:\/\/lefrancois.org\/index.php\/wp-json\/wp\/v2\/media?parent=80"}],"curies":[{"name":"wp","href":"https:\/\/api.w.org\/{rel}","templated":true}]}}